288 = o. Suppose -o = -3*z - z. What is the greatest common factor of z and 13?
13
Let h be 6/(-11) + 684/44. Let r = 111 - 36. Calculate the highest common divisor of h and r.
15
Let y be (-1*1)/((-1)/(-59)). Let v be 14733/99 - (-4)/22. Let o = v + y. What is the highest common factor of o and 10?
10
Let p be -7 + 34 - (-2 - -1). Calculate the greatest common divisor of 7 and p.
7
Suppose 6*o = -2*i + 2*o + 72, -136 = -4*i - 4*o. Calculate the highest common divisor of 4 and i.
4
Let y(m) = 7*m - m**2 - 7 + m**2 - m**2 + 0*m**2. Let l be y(5). Suppose 2*x + 2*x = -5*o - 1, -l*x = 5*o + 7. Calculate the greatest common divisor of x and 3.
3
Let v(f) = 3*f**2 + 9*f + 3. Let k be v(-4). Calculate the greatest common factor of 120 and k.
15
Let v = 127 + -63. Let s(r) = r**3 - 4*r**2 + 3*r + 4. Let n be s(4). Calculate the greatest common divisor of n and v.
16
Suppose 3*z = -5*y - 10, 2*z - 10 = 4*y + 20. Let b(p) = p**3 + 5*p**2 - 6*p - 5. Let h be b(y). Let t = 2 + h. What is the greatest common factor of 3 and t?
3
Let j(d) = -d - 2. Let h be j(-6). Suppose 0 = 5*o - h*o. Let q be (-1 + 5)*(15 + o). Calculate the highest common divisor of 24 and q.
12
Suppose 3*h + 0*h - 20 = -2*y, 2*y + 12 = 5*h. Suppose -3*r + h*r = 50. What is the highest common divisor of r and 10?
10
Suppose 0 = 3*q - 3*r - 213, -5*r - 65 = -3*q + 158. Suppose -2*j = j - q. Suppose 2*u = u + 2. Calculate the greatest common divisor of j and u.
2
Let k = 12 - 3. Let v be (-8 + k)*2*1. Calculate the greatest common factor of v and 14.
2
Let s(k) = 16*k**2 - k. Let n be s(1). Let c be (-6)/n - 5228/(-20). Calculate the greatest common factor of 29 and c.
29
Suppose -14*n + 96 = -11*n. What is the greatest common factor of 288 and n?
32
Let l(f) = f + 6. Let x(h) = 3*h - 13. Let i be x(7). Let m be l(i). Calculate the greatest common factor of 14 and m.
14
Let u(y) = -y**3 + 12*y**2 - 12*y + 4. Let w be u(11). Let c(h) = -h**3 - 8*h**2 - 8*h + 8. Let g be c(w). Calculate the highest common factor of 120 and g.
15
Let q be (-3)/(-15) + (-1)/5. Let k(v) = v**3 + 50. Let m be k(q). Calculate the greatest common divisor of 10 and m.
10
Let k(d) = d**2 + 13*d + 7. Let r be k(-7). Let n = r + 59. Calculate the greatest common divisor of n and 3.
3
Let a(v) = -4*v**3 - 3 + 10 + 5*v**3 + 7*v**2 - 2*v. Let b be a(-7). Calculate the highest common factor of 14 and b.
7
Let d be 43 + -1 + (-18)/9. What is the highest common factor of 16 and d?
8
Suppose 0 = 3*g + 2*g - 150. Let h be (-533)/(-26) - (-2)/(-4). What is the highest common factor of h and g?
10
Let f(c) = -c + 6. Let m be f(0). Suppose t - m - 12 = 0. Calculate the highest common factor of t and 45.
9
Let b = -31 + 40. Suppose 252 = 3*o + 36. What is the highest common factor of o and b?
9
Let l(i) = -2*i - 12. Let c be l(-8). Let x(r) = 4*r + 4. Let w be x(c). Calculate the greatest common factor of 220 and w.
20
Let r = -11 + 9. Let n be ((-6)/4)/(6/8). Let i be (-4)/n - (r - 3). What is the highest common divisor of 56 and i?
7
Suppose -2*v + 3*v = 6. Let c = -203 + 218. Calculate the greatest common divisor of c and v.
3
Let w = 1 + 9. Let o be (-1)/(116/120 - 1). What is the highest common factor of o and w?
10
Suppose 4*w - 8 + 0 = 0. Suppose 0*y + 52 = w*y. Calculate the highest common factor of y and 39.
13
Suppose -5*d - 34 + 80 = 2*a, -3*d = -2*a + 78. What is the highest common factor of a and 3?
3
Let j(i) be the first derivative of -15*i**3/2 - i - 1. Let r(q) be the first derivative of j(q). Let a be r(-1). What is the highest common divisor of 5 and a?
5
Suppose 197 = 3*d + 53. What is the greatest common divisor of 120 and d?
24
Suppose -147 = -4*n - 3*y, 2*n + 5*y - 48 = 29. Let i = -28 + 52. What is the highest common factor of i and n?
12
Suppose 2*w - y = 12, 20 = -4*w + 4*y + 52. What is the greatest common divisor of w and 44?
4
Suppose -61 = -7*u + 499. Let a = -15 + 25. Calculate the highest common factor of u and a.
10
Let p be 334/7 + 2/7. Let m = 281 + -269. What is the highest common factor of p and m?
12
Let f = 0 + 8. Let g be (8/2)/(-2) - 4. Let r = f + g. What is the greatest common factor of r and 14?
2
Suppose 2*q + 103 = 4*b + 19, -b = -q - 22. What is the highest common factor of 100 and b?
20
Suppose 0 = 3*p + 5*y - 64, -24 + 100 = 2*p - 5*y. Suppose 2*w - 6*w = -56. Calculate the highest common divisor of w and p.
14
Let f = 25 - 12. Suppose 4*u - 5*q - 11 = -0, 2*q = u - 5. Let w = f + u. What is the highest common divisor of 96 and w?
12
Let f(h) = -h**3 - 2*h**2 - 4*h - 2. Let k be f(-4). Suppose -5*l - 49 = -2*m, 0 = -2*m - m + 2*l + k. Calculate the highest common factor of 48 and m.
12
Suppose -5*l + 14 = -11. Suppose -p + l*k + 4 - 15 = 0, 5*p - 29 = 4*k. Suppose 2*m + 0 = -4, g - 4*m - 89 = 0. Calculate the highest common factor of p and g.
9
Suppose -6*x = 17 - 59. Calculate the highest common factor of 28 and x.
7
Let o(w) = 4*w - 4. Suppose -5*n = -0*n - 3*q - 27, 3*n + q - 19 = 0. Let j be o(n). Calculate the greatest common divisor of 30 and j.
10
Suppose 0 = 3*d - u - 483, 5*d - 3*u - 803 = -2*u. Suppose -p - 3*p + d = 0. Let s be (1 - -4)/(1/1). Calculate the highest common divisor of p and s.
5
Suppose -50 = 4*g - 9*g. Suppose 5*u = g + 10. Let k = 1 + 9. Calculate the greatest common factor of u and k.
2
Let n(f) be the first derivative of -f**3/3 + 3*f**2 + 4*f + 4. Let d be n(6). What is the highest common factor of d and 40?
4
Let t = 22 - 2. Suppose -3*o - 2*z = -t, 3*z = 4*o - 4 - 0. Calculate the greatest common divisor of 32 and o.
4
Let y = 4 - 2. Calculate the greatest common divisor of y and 2.
2
Let d(k) = 4*k**2 + 4*k. Let y be d(-3). Let p be ((-9)/12)/((-2)/y). Calculate the highest common divisor of p and 18.
9
Let q(p) = -p**3 - 3*p**2 + 5*p - 6. Let a be 24/(-3) + 6 + -3. Let h be q(a). What is the highest common factor of 57 and h?
19
Suppose -6 - 4 = -5*k. Suppose -k*u + 260 + 408 = 0. Let b be 6/18 - u/(-6). What is the greatest common divisor of 8 and b?
8
Suppose 0 = 5*h + 2*j + 270 - 867, 2*h - 246 = j. Calculate the greatest common divisor of h and 11.
11
Let y = 20 + 145. What is the highest common factor of y and 33?
33
Let v(j) = j**2 - 5*j - 6. Let g be v(6). Let h = 3 - g. Let b = 5 + -2. Calculate the greatest common factor of b and h.
3
Suppose 0*k - k + s = -1, 0 = -k + 2*s - 4. Let x = k + -4. Suppose x*b - 14 = 10. Calculate the greatest common factor of b and 132.
12
Let v = -13 + 12. Let u(g) = 45*g**2 + g + 1. Let s be u(v). Calculate the highest common factor of s and 9.
9
Let z be (-2)/4*(-48 - 0). Calculate the greatest common divisor of 120 and z.
24
Let c be (15/(-4))/(7/(-168)). Calculate the greatest common factor of 60 and c.
30
Let d = -133 + 172. Calculate the highest common divisor of 13 and d.
13
Let t(s) = -s**3 + 21*s**2 + 23*s - 6. Let w be t(22). Calculate the highest common divisor of w and 12.
4
Let l = -61 + 71. Calculate the greatest common factor of 20 and l.
10
Let f = 83 + -193. Let t = f - -154. Let k be (-66)/(-2)*1/3. What is the greatest common divisor of k and t?
11
Suppose -r - 10 = -6*r. Suppose 0 = r*h + o - 6, 19 = 5*h + 2*o + 4. Suppose -h*v + 9 = -9. What is the highest common divisor of 24 and v?
6
Suppose 18 = -43*c + 44*c. Calculate the greatest common factor of 72 and c.
18
Let o = 457 + -263. Let t = 298 + -202. Let f = o - t. Calculate the greatest common factor of f and 14.
14
Suppose -x - 1 = 1, 3*d + x = -215. Let a = -46 - d. What is the greatest common factor of a and 5?
5
Let m(v) = v**2 - 8*v - 9. Let h be m(-9). Calculate the highest common divisor of h and 18.
18
Let n(x) = -x**3 - 16*x**2 - 2*x + 4. Let v be n(-16). Calculate the greatest common factor of v and 27.
9
Let w = -1 + 17. Let c be (w/(-3))/((-4)/6). What is the greatest common divisor of 1 and c?
1
Let n be (-2)/3 - 16/(-6). Suppose -6 = -3*a, v = -n*v + a + 298. Calculate the greatest common factor of 20 and v.
20
Suppose -5*n - 32 = 5*y - y, -3*n - 16 = 4*y. Let u(i) = i**3 + 8*i**2 - 2*i. Let w be u(n). What is the greatest common divisor of 112 and w?
16
Let d = -7 + 7. Suppose -6 = -s - d*s. Let k be -4*-1*s + 1. What is the greatest common divisor of 5 and k?
5
Suppose -3*q + 160 = -q. Suppose 4*a - l - 41 = -a